= -48 - -58. Calculate the greatest common divisor of f and c.
10
Let c be 4/8 - (-26)/4. Let b(m) be the first derivative of m**2 - 2*m - 3. Let y be b(c). What is the greatest common factor of y and 6?
6
Suppose f - 1 = 1. Suppose f*i + 6 = 0, 5*c - 3*i + 10 = 74. Calculate the highest common divisor of 11 and c.
11
Suppose -5*x - 17 = -2*r, x = -2*r + 6*r - 7. Let v = r + 4. Let b be 2 + v*(-2 + 3). Calculate the highest common factor of 35 and b.
7
Let p(x) = -x**2 + 12. Let j be p(9). Let g = j - -19. Let m = 86 + g. What is the highest common divisor of m and 9?
9
Suppose 3*o + 12 = -h + 2, o + 8 = 2*h. Suppose v = h*v - 10. Calculate the greatest common divisor of 15 and v.
5
Suppose s + 1 = 3. Suppose -s*y + y + 4*p = -17, 2*y + 5*p = -5. What is the highest common factor of 5 and y?
5
Let m(a) = -8*a**2 - 6*a + 6. Let z(j) = 23*j**2 + 17*j - 17. Let q(d) = 17*m(d) + 6*z(d). Let h be q(2). Calculate the greatest common divisor of h and 88.
8
Let z(y) = 12*y**2 + 10*y - 8. Let b be z(7). Suppose -4*g + 941 = 3*i, i - 3*g - b = -i. Calculate the greatest common divisor of i and 29.
29
Let n be (-17)/34 - (-217)/2. What is the greatest common factor of n and 18?
18
Let v = 0 - 0. Suppose -42 = -3*m - 0. Suppose r + v = m. What is the highest common divisor of r and 2?
2
Let c be (-30)/4*2464/(-70). Calculate the highest common factor of 24 and c.
24
Let t(z) = -z**3 + 9*z**2 + 10*z + 1. Let w be t(10). Let p be (-4 - -6)*w*14. Calculate the highest common factor of p and 112.
28
Let d = 15 - 11. Let a be (d - 1)/((-3)/(-6)). What is the highest common divisor of a and 18?
6
Let n(m) = -m**2 + 79. Let x be n(0). Suppose -5*o - 3*r + x = 0, o - r - 3*r - 2 = 0. Let u = o - 4. Calculate the highest common divisor of 5 and u.
5
Suppose -2*k - 3*g + 19 = 2, 3*g + 11 = 5*k. Suppose 2*v = 5*v + 9, -1 = k*b + 3*v. Calculate the highest common factor of b and 3.
1
Suppose 0 = 6*z - z - 5. What is the highest common factor of z and 1?
1
Let n = 3 + 7. Suppose 2*l = m + 71 - n, 5 = -m. Calculate the highest common divisor of 7 and l.
7
Suppose -h + 3*h - 160 = 0. Let z(a) = a**2 + 4*a - 4. Let l be z(-6). Calculate the greatest common factor of h and l.
8
Let c be (165/10)/((-12)/(-64)). Calculate the highest common factor of 8 and c.
8
Let y = 6 + 32. Calculate the greatest common factor of y and 95.
19
Suppose 10*m + 81 = 931. What is the highest common divisor of 34 and m?
17
Let c = -71 - -119. Suppose -c = y - 5*y. Suppose 0 = -2*m + 24 - 0. What is the greatest common divisor of y and m?
12
Let k(m) = 0 + 2 + m**2 + 0 + 2*m - 1 + m**3. Let o be k(2). What is the greatest common factor of o and 119?
17
Suppose 2*w + 24 = 4*w. Let n be 6*4/84 + (-208)/(-7). Calculate the highest common factor of w and n.
6
Let r(j) = -5*j + 18. Let b be r(0). Calculate the highest common divisor of 45 and b.
9
Suppose -4*n + 10 = -22. Calculate the greatest common divisor of n and 72.
8
Suppose -5*b - 5*z = -3*b - 142, -4*z = 3*b - 227. Calculate the highest common factor of 9 and b.
9
Let r be (-70)/(-1) - (-1 + 1). Let m(p) = 5*p**2 + 3*p**2 + 1 - p**2 - p**3 - 3*p**2. Let a be m(3). What is the highest common factor of r and a?
10
Suppose -q - 178 = -188. Calculate the highest common divisor of 30 and q.
10
Let v(m) = -m**3 - 10*m**2 - 8*m + 11. Let p be v(-9). What is the greatest common factor of p and 10?
2
Let a be -8*(-3)/(1 + 5). Let q be 1 + a + (-9)/3. Let i(m) = 2*m**2 - m - 1. Let l be i(-1). What is the greatest common divisor of l and q?
2
Suppose 20 = 5*a - 3*a. What is the greatest common factor of a and 10?
10
Suppose -2*c - 2*c = -2*y - 52, -5*c = -y - 71. Let q = -3 + 7. Suppose 0 = 4*g + 4*o - 28, o + o = q. Calculate the greatest common factor of g and c.
5
Let c(k) = -k**3 - k**2. Let r(i) = 5*i**3 - 4*i**2 - 9*i + 6. Let h(f) = 6*c(f) + r(f). Let p be h(-9). Calculate the highest common factor of 15 and p.
3
Suppose 0 = 3*h - t - 626, 562 = 2*h - t + 145. Suppose 0 = 5*f - 101 + 6. Calculate the greatest common divisor of f and h.
19
Let a = 26 + 4. What is the greatest common divisor of 20 and a?
10
Let l(c) = c**2 - 11*c + 25. Let m be l(2). Let f(z) = -z**2 + 15*z + 6 + 5 - 4. Let v be f(7). What is the highest common divisor of m and v?
7
Let q(m) = 3 + 4*m**3 - 3*m**3 - m - 3*m. Let l be q(5). Let t(a) = -a**3 + 6*a**2 - 4*a + 7. Let x be t(5). What is the highest common divisor of x and l?
12
Let h = 419 - -86. Suppose -7*n = -2*n + h. Let o = n + 209. Calculate the highest common factor of 12 and o.
12
Let u(o) = o**2. Let j(l) = 6*l**2 - 4*l + 1. Let h(m) = j(m) - 5*u(m). Suppose 13 = 4*t - 7. Let p be h(t). Calculate the highest common divisor of p and 30.
6
Let b be 21/3 + (3 - 1). Suppose 0 = -4*m + 49 - b. What is the highest common factor of 70 and m?
10
Let h(r) = 5*r**2 - 5*r - 12. Let a be h(-2). Calculate the highest common divisor of 234 and a.
18
Let b(y) = y**3 + y**2 + y + 24. Let k be b(0). Calculate the greatest common divisor of 120 and k.
24
Let b be ((-2820)/(-28) - 4/(-14)) + -2. Calculate the highest common divisor of 11 and b.
11
Suppose 7*q = 4*q + 21. What is the highest common divisor of q and 56?
7
Let j = -47 - -87. Calculate the greatest common factor of j and 5.
5
Let h = -4 - -35. Calculate the greatest common factor of h and 217.
31
Let v be (-4 - 156/(-16))*20. Calculate the highest common factor of v and 46.
23
Let h(r) = -8*r**2 + r + 1. Let i be h(-1). Let n be (-2)/i + 27/(-12). Let l be 4/5*(-5)/n. Calculate the highest common factor of 5 and l.
1
Let g = 28 - 1. Let z = -8 - -11. What is the highest common divisor of z and g?
3
Let q(l) = l**3 - 6*l**2 + 5*l - 6. Let w be q(5). Let f = w + -1. Let c be (-1 + f)/((-2)/4). What is the greatest common divisor of c and 32?
16
Suppose l - 29 = 3*k, -5*l + 64 = 5*k - 21. What is the highest common factor of 160 and l?
20
Suppose 0 = 11*d - 2*d - 459. What is the greatest common factor of 153 and d?
51
Suppose -m = -1 - 1. Suppose -4*i + 2*i + 8 = 0. Suppose i*p - 83 = 5*q, 5*q = -m*p + 22 + 27. What is the highest common divisor of p and 2?
2
Let z be -43*((-4)/1)/4. Let s = z - 15. What is the greatest common divisor of 4 and s?
4
Suppose -4*y + 117 = -y. What is the highest common factor of 26 and y?
13
Let w be 16*(-53)/2 + 0. Let y = 712 + w. Calculate the highest common divisor of y and 32.
32
Suppose 6*m - 508 + 130 = 0. Calculate the highest common factor of 9 and m.
9
Let z be 1 + 32 + (-9)/(-3). Suppose g + 5 = -0*g, 5*g - 839 = -3*s. Calculate the greatest common factor of z and s.
36
Let s(x) = 5*x**2 + 1 - x**2 - 3*x + 11*x**2. Let j be s(2). Suppose 8 = 6*l - 22. What is the greatest common divisor of l and j?
5
Let b = 32 - 30. Let d be -36*(b - (6 - 3)). Let z(k) = k**2 + 4*k + 4. Let r be z(-5). Calculate the highest common factor of r and d.
9
Suppose -5*n + 25 = -55. Calculate the highest common divisor of 176 and n.
16
Suppose 5*a = -3*g - 24, -3*a - 2*a = -15. Let y = g + 134. Let n(f) = -7*f - 3. Let d be n(-2). Calculate the greatest common divisor of d and y.
11
Let t(y) = 2*y + 4. Let z be t(-4). Let v = 9 + z. What is the highest common factor of v and 5?
5
Let j(l) = 2*l**2 + 7*l - 1. Let n be j(-5). Let p be (-4)/6 + n/3. Let k be 307/p + 3/12. What is the highest common factor of 7 and k?
7
Let o be -1 + 0/(-1) + 2. Suppose -5*c + 2*m = 18, 0 = 5*c + m - o + 7. Let h be 38 - (c - -2)/(-3). What is the highest common divisor of h and 95?
19
Suppose -2*t = -8*t + 24. What is the greatest common divisor of 8 and t?
4
Let m = -36 - -32. Let w(y) = 6*y**2 - 2*y - 4 + 7*y - y + y**3. Let s be w(m). What is the highest common factor of 4 and s?
4
Let d(b) = -b**2 - 5*b - 6. Let o be d(-7). Let s = 173 + o. Suppose 57 = -3*v + s. Calculate the highest common divisor of 4 and v.
4
Let f be 5/(1/(4/4)). Suppose -t - 28 = -2*s, -f*s + 5*t + 0 = -70. Calculate the highest common divisor of s and 98.
14
Suppose 3*o + w - 15 = 0, -2*w = -2*o + 3*o. Calculate the highest common factor of o and 9.
3
Let m = 260 + -156. Let s = -13 - -26. Calculate the greatest common divisor of s and m.
13
Suppose 0 = u - 1 - 0. Let i = 17 + -26. Let c(b) = -b - 8. Let t be c(i). Calculate the highest common divisor of t and u.
1
Let d(b) = 2*b**2 - 